b(0)?
3
Let s(y) = -y + 1. Let p(o) = -16*o + 10. Let f(i) = p(i) - 10*s(i). What is the units digit of f(-6)?
6
Let h(w) = -15 + 4*w**3 - 3*w**3 + 13 - 3*w**2. Let u be h(3). Let v(z) = -3*z**3 + z. What is the tens digit of v(u)?
2
Suppose -2*l - 5*g = -1466, -4*l + 4*g - 2192 = -7*l. What is the hundreds digit of l?
7
Let l(g) = -18*g - 6. Let r be l(-6). Suppose 294 = 4*d - r. What is the tens digit of d?
9
Let p(m) = 2*m**2 - m - 1. Let d be p(-1). Suppose d*c = -3*c + 10. What is the tens digit of (5/c)/(8/80)?
2
Suppose 3*y + 4*x = 6669, 30*y = 35*y + x - 11132. What is the hundreds digit of y?
2
Suppose -9*x + 5*x = 0. Suppose -69 = -2*o - 5*c, -2*o + 48 = -x*o - 2*c. What is the units digit of o/12*(9 + -1)?
8
Let v = 1779 - 928. What is the hundreds digit of v?
8
Let c be (3*(-1 + -3))/((-3)/2). Suppose -c*f = -172 - 1356. What is the hundreds digit of f?
1
Let a(c) be the second derivative of c**5/20 + 5*c**4/12 + c**3/3 - 5*c**2/2 + 7*c. Let q be a(-4). Let s = q - -4. What is the units digit of s?
7
Let j be (-2 + 1)/(1/(-43)). Let r(t) = j - 18 + 3*t - 4*t. What is the tens digit of r(0)?
2
Let a(w) = -w**3 + 23*w**2 + 21*w + 61. Let u be a(24). Suppose 4*x + 6 = x. What is the units digit of 0 + (x + 0)*u?
2
Let u be (0/2 - 1)/3*-6. Suppose u*o = 3*l - 24 - 64, l + 4*o = 6. What is the tens digit of l?
2
Let r(i) = i**2 - i + 3. Let c be -1 - 0 - (-13 - -24). Let x = 14 + c. What is the units digit of r(x)?
5
Suppose 2*c = 3*s + 1718, 23*c - 849 = 22*c + 4*s. What is the hundreds digit of c?
8
Let s(v) = -3*v + 40. Let g be s(12). Suppose -g*c + 6*c - 4 = 0. What is the units digit of c?
2
What is the thousands digit of 45/(-9) - (-5360)/4?
1
Let n(h) = -h - 6. Let r be n(-8). Let x(i) be the second derivative of 2*i**3/3 + i**2 - i. What is the units digit of x(r)?
0
Suppose -v = 9*v - 440. Suppose -41*w = -v*w + 381. What is the hundreds digit of w?
1
What is the thousands digit of 744786/266 + 4/76?
2
Let n be 0 + 2745/7 - (-41)/(-287). Let k = n - 145. What is the hundreds digit of k?
2
Suppose m + 17 - 20 = 0. Suppose 9 = 5*d + m*j + 1, 5*d = -5*j. What is the units digit of d?
4
Suppose 5*t - 2 - 24 = s, 0 = 4*s + 4*t + 104. Let d = s - -25. Let i = d + 16. What is the tens digit of i?
1
Let b(a) = 2*a**3 - 4*a**2 - 5*a - 4. Let g be -1 + 3 + 0 + 2. Let f be b(g). Suppose 2*y + 2*d = 26, 4*y - 8*y + 2*d + f = 0. What is the units digit of y?
1
Let u = 841 - 530. What is the units digit of u?
1
Let u(o) = o**2 + o - 1. Let b be u(2). Let f(g) = g**2 - 7*g + 2. Let i be f(b). Let j = -6 - i. What is the units digit of j?
2
Let t = -17 + 27. Let m be 5*5/t*2. What is the units digit of (-6936)/(-85) - (-2)/m?
2
Let b(f) = 38*f**3 + 2*f**2 - f + 3. What is the units digit of b(2)?
3
Suppose -6*b + 10359 + 2373 = 0. What is the tens digit of b?
2
Let q = 14 + -8. Suppose q*k = k + 4*o + 46, 4*k + 4*o = 8. Suppose -5*v = 3*b - 28, -30 = -2*b + 2*v - k. What is the units digit of b?
1
Let n(r) be the second derivative of 11*r**3/3 - 3*r**2/2 + r. What is the tens digit of n(3)?
6
Let g(d) = 4*d**2 + 12*d - 21*d - 47 - 3. What is the tens digit of g(10)?
6
Let h(y) = -y**3 + 2*y**2 + 2*y + 4. Let z be h(3). Let x = z + 10. What is the units digit of x?
1
Let d(y) = -11*y - 2. Let c be 2/(-12) + 130/60. Suppose 5*t + 18 = z, c*z - 3 = -7. What is the units digit of d(t)?
2
Let b(u) = u**2 + 22*u + 13. What is the tens digit of b(-34)?
2
Suppose 4*h - 5*a = -3*a + 12, -a = 2*h - 10. Suppose -213 - 27 = -h*g. What is the units digit of g?
0
Let u = 387 - -7. Suppose -3*s + u = -401. Suppose -d - 4*d = -s. What is the units digit of d?
3
Suppose -791*v - 26820 = -806*v. What is the hundreds digit of v?
7
Let l be (-1 + -2 - (77 - 1))*-1. Suppose 0*h + l = k - 4*h, 0 = -k - 4*h + 63. What is the units digit of k?
1
Let h = 3 - 5. What is the tens digit of (1 + -2)*122/h?
6
Suppose 4 + 12 = 8*t. What is the hundreds digit of (-1910)/10*(-3)/6*t?
1
Let n = 216 + -112. What is the tens digit of n?
0
Let s be ((-16)/24)/((-1)/(-78)). Let u = s - -134. What is the tens digit of u?
8
Let g = -889 + 2086. What is the hundreds digit of g?
1
Suppose 0 = -4*g - 23 - 5. What is the units digit of g/(-35) - (-468)/10?
7
Let a(v) = -193*v**2 + 5*v. Let p(f) = -64*f**2 + 2*f. Let b(d) = -3*a(d) + 8*p(d). What is the tens digit of b(2)?
7
Let g(r) = -r**2 + 9*r + 1. Let q(c) = 3*c - 15. Let n(k) = k - 7. Let s(t) = 15*n(t) - 6*q(t). Let j be s(-7). What is the tens digit of g(j)?
1
Let j(o) = 64*o**3 - o + 2. Let i(y) = -y**2 + 9*y - 17. Let f be i(6). What is the tens digit of j(f)?
6
Let o(k) be the third derivative of k**5/15 - k**4/6 - 4*k**3/3 - 2*k**2. What is the tens digit of o(-4)?
7
Suppose -2*m + 15 = 2*t - 7*m, 0 = m + 5. What is the units digit of ((-73)/2)/(t - 57/(-12))?
6
Suppose 2170*s + 25194 = 2189*s. What is the thousands digit of s?
1
Let s(g) be the third derivative of -g**6/120 - g**5/30 - g**4/12 + 5*g**3/6 + 11*g**2. What is the units digit of s(-5)?
0
Suppose -l + 329 = -4*l - 2*p, 217 = -2*l + p. Let b = l - -199. What is the units digit of b?
0
Suppose -3*a = 2*r - 6, -2*r + 2*a = r - 22. Let j be (17 + -2)/(3/r). Suppose 5*d + j = 5*i, 0 = -6*i + 2*i + d + 18. What is the units digit of i?
4
Suppose 0 = 5*b + h - 9116, -7*b + h + 3645 = -5*b. What is the hundreds digit of b?
8
Suppose -a - 3*a - 8 = 0. What is the hundreds digit of a/(-14) + 895/7?
1
Suppose -12 = -8*u - 4. What is the tens digit of (u + -8)/(-1 - 30/(-32))?
1
Suppose 656 = 3*b + 2*h - 757, -955 = -2*b + 3*h. What is the units digit of b?
3
Let i(z) be the third derivative of -5*z**4/8 + 3*z**3 + 13*z**2. What is the units digit of i(-5)?
3
Suppose 8*r - 11*r = 0. Let v(i) = i**2 + 5*i + 120. What is the units digit of v(r)?
0
What is the hundreds digit of -1 + 2 + 1 - -2948?
9
Suppose -120 = 2*o + 4*o. Let q be o*(0 - (-8)/(-20)). Suppose -t + 7 = -q. What is the units digit of t?
5
Let q = -55 + 59. Suppose 3*o = -q*j + 436, 5*o - o + 90 = j. What is the hundreds digit of j?
1
Suppose 15 = -6*q + 5*q. Let t = 21 + q. What is the units digit of t?
6
Let j be (19 - 9)*(1 + 1). What is the units digit of (-3)/9 + j/6?
3
Let w(f) = f**2 + 20*f + 5. Let q be w(-20). Suppose -2*o + q*h = -92, -o + 43 = h - 5*h. What is the tens digit of o?
5
Let u = 19 - 17. Suppose -q = -u + 20. Let y = q - -41. What is the tens digit of y?
2
Suppose 2*f = -l + 6943, -2*l + 5*l + 3 = 0. Suppose -8*b - 8*b = -f. What is the hundreds digit of b?
2
Let a = -490 - -1199. What is the tens digit of a?
0
Let m(p) = -2*p**2 - 15 - 5*p + 13*p + 7 + p**2. Let a be m(6). Suppose 0*h - 60 = -a*t + h, -5*t - 2*h = -88. What is the tens digit of t?
1
Let c(h) = -69*h - 41. What is the hundreds digit of c(-11)?
7
Suppose -23*h = -25*h + 6082. What is the thousands digit of h?
3
Let s(k) = -k + 22. Suppose -3*a + 5*a = 0. What is the tens digit of s(a)?
2
Let h = 1802 - 1258. What is the tens digit of h?
4
Let k(i) = -i - 4. Let j be k(-4). Suppose 2 = -2*a + 12. Suppose a*p = -5 - 20, 5*w - 2*p - 50 = j. What is the units digit of w?
8
Suppose -5*f = -4*u + 39, 3*f + 2*u = -2*f - 33. Let h(j) = -j**3 - 6*j**2 + 5*j - 9. What is the units digit of h(f)?
5
Let t = 396 - -96. What is the units digit of t?
2
Let t(z) = -z**3 - 11. Let q be t(0). What is the tens digit of -2*1/2*q?
1
Let z(f) = 5*f - 3. Let r = -28 + 25. Let o be (1 - -8) + r + -1. What is the units digit of z(o)?
2
Let v(l) = -10*l - 26. What is the units digit of v(-3)?
4
Let v(b) be the second derivative of 0*b**2 + 29/12*b**4 + 1/6*b**3 + 0 + 3*b. What is the tens digit of v(-1)?
2
Let o(y) = -y**2 + 7*y + 2. Let j be o(-7). What is the tens digit of j/(-8) - (-5 - 0 - -2)?
1
Let i(g) = g**2 + 16*g + 17. Let s be i(-15). Suppose -38 = -s*v - 32. Suppose v*t - 73 = 4*c, 0 = -5*t + 4*c - 9*c + 180. What is the units digit of t?
1
Let f be 3 + 0 - 0/18. Suppose -2*q + f*q - 5*n = -5, 5*q + 135 = 3*n. What is the tens digit of (-225)/q*(-40)/(-6)?
5
Let c = 59 + -31. What is the tens digit of -51*(c/(-30) - (-3)/5)?
1
Let d = -1154 + 1815. What is the tens digit of d?
6
Suppose -3*x + 15 = -2*x + 2*y, -2*y = 2*x - 38. Suppose -x*f + 20*f = -222. What is the units digit of f?
4
Suppose -2*t + 79 = h, t = -t - 5*h + 59. Let 